4 - -4 - -1
7
Evaluate -12 + 10 + 0 + -5.
-7
Evaluate 5 + 0 + -7 + -1 + 1.
-2
Evaluate 1 + -2 + (9 - 8).
0
Evaluate -2 - ((-8 - (2 + -5)) + 2).
1
What is 0 + 4 + 1 - 2?
3
What is the value of (8 - (-5 - -5)) + -3?
5
Evaluate -3 + (-1 - 5 - -3 - 1).
-7
Evaluate 5 + (-12 - -3 - (-13 - -9)).
0
Calculate 1 + -5 - -6 - 4 - -7.
5
What is -7 + -2 - -5 - -7?
3
Calculate 4 - (4 - 4 - (3 - 3)).
4
Calculate 8 + -6 + 6 - 13.
-5
9 + (-20 - -2 - -4)
-5
What is the value of (8 + -7 - -2) + -9?
-6
Evaluate -4 + 10 + -5 + 4 + 0.
5
What is (84 - 82) + (-2 - -2) + 0?
2
What is (-1 - -7) + 5 + (-9 - 5)?
-3
Calculate 0 - (-5 + 1 + 7 + -1).
-2
Evaluate 1 - (-11 - -20 - 8).
0
What is the value of -3 + 2 + (-3 - -8)?
4
What is the value of (6 - 1) + 12 + (-12 - -4)?
9
Evaluate 0 - -1 - (-7 + 7).
1
Calculate -6 + 0 + 0 + (54 - 48).
0
What is -3 - (5 - ((5 - 6) + 3))?
-6
What is the value of 18 + -22 + 1 + 4?
1
-1 + -1 + (2 + -6 - -8)
2
What is 1 + 1 - (1 + -3 - -6)?
-2
2 + (-2 - (4 + 0))
-4
Evaluate 3 - 5 - (-7 - -6) - -4.
3
What is (-30 - -25) + (13 - 3)?
5
What is 1 + -8 - (-13 - (4 + -11))?
-1
What is the value of 0 + (-4 - -5 - 1) + -8?
-8
What is (-5 - -9) + -4 - 1?
-1
Calculate 7 + -1 + (-3 - (0 - -1)).
2
What is -5 + 7 + -2 + 2 - 2?
0
Calculate (4 - 0) + 0 - 4.
0
Calculate (6 - (-2 + 1)) + -5.
2
What is -5 + (6 - (-5 - -8)) + -4?
-6
Evaluate -5 + (7 - 11 - -1).
-8
Evaluate 8 - (1 + (4 - 7) + 10).
0
6 + (9 - (18 + -8))
5
26 + -12 + -18 + -4 + 1
-7
What is the value of -25 - -19 - (-3 - 0)?
-3
What is the value of (-1 - (-6 - 0)) + -4 - 4?
-3
-3 - -2 - (-13 - (-3 + -7))
2
Calculate -2 + (3 + -6 - -10).
5
Evaluate 9 + (1 - 8) - 6.
-4
What is the value of -2 - (-5 - (4 - 4) - -3)?
0
What is the value of 17 - ((14 - 12) + 11)?
4
What is 16 + -10 + 3 + -13?
-4
What is 11 - ((-3 - 3 - -12) + 0)?
5
Calculate 3 + -1 + (6 - 4).
4
What is -8 + 2 - (15 + -26) - 0?
5
What is the value of -11 - (5 - (-2 - 0 - -12))?
-6
What is 0 + (10 - 2 - (11 - -4))?
-7
What is the value of -4 - (-7 + 0 + 4)?
-1
-1 - 2 - (1 + 1 - -2)
-7
What is 5 + (-2 - -1) - 2?
2
What is the value of (1 - 1) + (-3 - (1 + -6))?
2
What is the value of (-5 - -1) + 0 + -3 + 2?
-5
Evaluate (2 + 7 - 4 - 3) + 8.
10
-2 + 3 + (-2 - -4)
3
Calculate 3 + (-3 - -5) - 16.
-11
What is 7 + (1 - 2) - 5?
1
What is (7 - (11 + -4)) + 1 + -5?
-4
Evaluate 5 - (-8 - -4 - -10).
-1
What is the value of -4 + 4 + 1 + (3 - -1)?
5
What is the value of 1 + 8 + -8 - 0?
1
What is (-2 - 1) + 2 + 11 + -6?
4
What is 5 + -6 - ((-10 - -7) + 6)?
-4
Calculate -4 - ((-10 - -6) + 9).
-9
What is the value of 3 + 10 + -7 + -2?
4
Evaluate -1 + -3 + (-2 - -3).
-3
Calculate 8 + (5 - 5) + -5 - 9.
-6
Calculate 1 + (-1 - -3) - (-17 - -17).
3
Evaluate (-4 - -15) + -3 - 3.
5
Calculate (0 - 1) + (-2 + -1 - -3).
-1
What is the value of 6 - 4 - (-3 - 0)?
5
Calculate 1 - 0 - (-35 + 38).
-2
What is the value of 0 + 3 + (0 + 1 - 2)?
2
What is the value of 4 + (6 - 14) - (1 - 3)?
-2
(3 - 0) + 0 + (-89 - -96)
10
What is 0 + 1 - (-34 + 39)?
-4
What is -1 + -3 + 4 + (-1 - 1)?
-2
(-7 - 7) + 9 + -2 + 1
-6
Calculate (1 + -3 - -6) + (-3 - -2).
3
What is 4 + (12 + -14 - 4)?
-2
Calculate 52 + -54 + -1 + 1 + 1.
-1
What is -4 + 11 - (-1 - 0) - 6?
2
5 + (-6 - -4) - -1
4
What is -1 + -9 + (19 - 14)?
-5
-6 + 15 - (-1 + (7 - 4))
7
(-2 - -10) + 10 + -17
1
Evaluate 6 - (1 - 4) - 5.
4
What is -1 - (-7 - (-7 - -4))?
3
What is (4 + 2 - (2 - 0)) + -2?
2
Evaluate 9 + -6 + 2 + (0 - 2).
3
-15 + (8 + 6 - 3)
-4
What is the value of -2 - -1 - 4 - (3 + -1)?
-7
(-3 + 2 - (1 + 1)) + 2
-1
Calculate 2 - (6 - (-3 - -1)) - -3.
-3
(6 - 0) + 20 + -19 + -8
-1
Calculate -2 + 0 + -1 + -1.
-4
Evaluate -2 + 7 - (-1 - (-8 - -4)).
2
Calculate 6 + (5 - (6 - 6)) + -9.
2
What is 3 + 0 + 0 + 5?
8
Evaluate -49 + 38 + (7 - -1).
-3
Calculate -14 + 10 + 1 + (-2 - -7).
2
(-18 - -16) + (12 - 3)
7
What is 3 + 2 + -11 + 1 + 0?
-5
Evaluate (-1 - 2) + -1 - -6.
2
What is (1 - 5 - -4) + 12 + -3?
9
Evaluate (-4 - -11) + 0 - (-8 - -13).
2
Calculate -1 + -3 - (-6 - 0 - 3).
5
(-1 + -6 - (-7 - -2)) + 0
-2
Evaluate 9 + 2 + -8 + 5.
8
Evaluate 4 + 6 + -13 + 7.
4
Calculate -8 + 4 - -3 - -2.
1
What is (-1 + 0 - -3) + (-171 - -164)?
-5
What is (-7 - (0 + -1)) + (-107 - -113)?
0
Evaluate -5 + 10 + -2 - (1 - 1).
3
What is (-10 - (12 - 7)) + 7?
-8
Calculate 4 + (-2 - (-4 + 6)) + 5.
5
What is the value of 2 - -6 - (-7 + 12)?
3
What is 1 + 8 + -6 + 2?
5
Calculate 10 + -6 - (2 + -7 + 2).
7
What is (13 - 8 - -3) + -1 + 3?
10
Evaluate -15 + 13 - ((-10 - -3) + 16).
-11
What is (-7 - -3) + (-4 - -3)?
-5
Evaluate -8 - (-5 + -3 + -1 + 5).
-4
What is (-8 - -4) + 10 + -3 + 2?
5
Evaluate (-6 - 1) + -6 - -7.
-6
(1 - -2) + 3 - 1
5
What is -4 + 3 + 1 + -4?
-4
3 + -3 - (1 - 2 - 0)
1
Calculate 4 - 10 - (1 - 5).
-2
What is the value of 0 - (-21 + 23 + -1 + -2)?
1
Calculate (-3 - 9) + 11 - 8.
-9
What is the value of -2 + (10 - 7) + (-4 - 0)?
-3
Calculate 4 + -2 + (0 - 2).
0
Evaluate -3 + -2 + (-7 - -13).
1
Evaluate (-3 - (-2 + -8)) + (-5 - -2).
4
Calculate (-5 + 9 - 7) + 2.
-1
What is the value of (10 + 4 - 8) + -1 + 1?
6
Evaluate 3 + -6 + (4 - 2).
-1
What is -2 + 0 - (-34 - -33)?
-1
What is the value of 0 + (-9 - 5 - -16)?
2
What is -6 + -12 + 9 - -10?
1
What is -3 + -4 - -9 - -4?
6
Calculate (36 - 44) + 0 + 1 + 0.
-7
What is the value of -4 - ((-2 - -3) + -4)?
-1
What is 3 + -9 + 6 + -4 + -1?
-5
What is the value of (-2 - 2) + 0 + (-50 - -47)?
-7
Evaluate 9 + -4 + -1 + 6 + -2.
8
Evaluate (3 - 9) + 2 + 6.
2
What is -3 + (-3 + 4 - 0 - -6)?
4
What is the value of 1 - (-11 - -4 - -6) - 5?
-3
What is (5 - 2) + -7 - -5?
1
What is the value of 190 + -207 - (0 - 7 - 1)?
-9
What is the value of (1 - -1) + 1 + 3 + -11?
-5
Evaluate 1 - 1 - (1 - -5 - 8).
2
Calculate (0 - 2 - 1) + 7 + 1.
5
What is the value of 1 + (-10 + -1 + 5 - -2)?
-3
Calculate 0 + (2 - -5) + -4.
3
What is 1 + (-9 + -3 - -12)?
1
(-4 - 2 - -3) + -1
-4
What is the value of -1 + 0 - (-20 + 16)?
3
What is 4 + -3 - (1 + 5 + -1)?
-4
What is (4 - (-3 + 5)) + 7 + -7?
2
What is the value of 1 + -8 - (-5 - -2 - 0)?
-4
What is the value of 4 - (11 + -2 + 2)?
-7
Evaluate 2 + -2 + -8 + 5 - -10.
7
What is the value of (2 - (8 - 3)) + 5?
2
Calculate 8 + (-11 - (-5 - 4)).
6
-2 - 2 - (0 + (-1 - 2))
-1
Evaluate 3 - (2 - (3 - 4)).
0
Evaluate 0 - (0 - 1) - (0 - 3).
4
(4 - (4 - (-4 + 4))) + -6
-6
Calculate -115 + 115 + (0 + -1 - 1).
-2
What is 0 - 10 - -17 - 6?
1
What is -3 + (0 - (5 + -7 - 0))?
-1
What is 0 + -6 + 8 - -2?
4
What is 1 + -2 + -1 + (-1 - -3)?
0
Evaluate 233 + -238 - (0 - -1 - 12).
6
9 + -7 + 4 + -8
-2
Calculate 6 - (3 + -1) - (1 - -2).
1
Calculate 2 + -5 - 0 - -3 - 0.
0
Evaluate (1 - (-6 - -2)) + (-10 - -11).
6
Evaluate 2 - (4 + -3 - -7).
-6
What is the value of 7 + (2 - (7 - -2))?
0
2 - (-3 - -2) - (3 + -3)
3
What is the value of -23 + (-1 - -14) + 21?
11
Evaluate 2 - 5 - -6 - (10 - 0).
-7
-8 - (-6 + 3 + 0)
-5
-1 - ((5 + -5 - -9) + -5)
-5
What is (2 - 3) + -9 + 8?
-2
Evaluate 2 - (-8 + 0 + 10 - 7).
7
What is -1 + 9 + -1 + -3 + 0?
4
Calculate 4 + -8 + 18 + (-4 - 4).
6
-4 - (-1 - 1) - -7
5
What is -8 + -5 + 13 + 7?
7
2 - (-5 + (2 - -5) + 1)
-1
(-10 + 14 - 10) + -6 + 3
-9
What is the value of -6 + -4 + 8 - 0?
-2
Calculate 3 - -1 - 4 - (-2 + -9).
11
Calculate 1 + 1 + (4 - 12) - -3.
-3
Calculate 5 - 6 - (0 + -6).
5
Evaluate (5 + -6 - 9) + 9.
-1
Calculate -56 - -53 - (1 - 4).
0
5 + -9 + (-4 - -1) + 1
-6
Calculate 6 + -1 - (9 + -6 + 3).
-1
Evaluate 5 - 5 - -7 - 7.
0
(-3 - 3) + 8 + -4
-2
What is the value of -40 - -38 - ((1 - -1) + 4)?
-8
-14 - -1 - (25 - 36)
-2
What is the value of (1 - 12) + 16 + 1?
6
What is the value of -1 - (2 - (-3 + 3))?
-3
What is the value of (12 - 19) + (1 - -4)?
-2
Evaluate 7 - (3 + -10 + 19).
-5
Evaluate 6 - 12 - (1 - 5).
-2
What is -6 + (-3 + 11 + -6 - 3)?
-7
What is 2 - (2 - ((0 - 4) + 11))?
7
Calculate 1 + -1 + 12 + -2 + -7.
3
Calculate -1 + 7 - (-5 + 20 + -9).
0
What is -5 - (1 - (20 - 11))?
3
6 + -17 + (28 - 7)
10
What is the value of 2 - ((4 - 4) + (-2 - -4))?
0
Calculate -5 - 0 - (-12 + 19 + -9).
-3
-3 + 0 + -2 + 4 + 7
6
12 + -10 - (2 - 0)
0
What is 4 - (-5 + 10 + 0 - 1)?
0
9 - 10 - (1 - (-1 - -6))
3
What is -3 - (-6 + 6 + -3)?
0
5 + -10 + (0 - -2) + 0
-3
What is 1 + 5 + 1 - (4 + -1)?
4
What is 8 - (-5 - (-16 - -9))?
6
What is 0 + (0 - (-3 + 7))?
-4
1 - (3 - (-2 + 